{"id":184,"date":"2012-09-03T12:33:57","date_gmt":"2012-09-03T12:33:57","guid":{"rendered":"http:\/\/tattoo-service-web.de\/?page_id=184"},"modified":"2012-09-03T13:53:13","modified_gmt":"2012-09-03T13:53:13","slug":"piercing","status":"publish","type":"page","link":"http:\/\/tattoo-service-web.de\/?page_id=184","title":{"rendered":"Piercing"},"content":{"rendered":"<p><strong>Piercing ?<\/strong><\/p>\n<p>\u2026\u2026 ja gerne,<\/p>\n<p>aber nicht um jeden Preis !<\/p>\n<p><strong>Verantwortung<\/strong> steht an erster Stelle, hierzu geh\u00f6rt <strong>Hygiene<\/strong>, <strong>Fachkenntnis<\/strong> und eine gesunde Einstellung zu <strong>\u00c4sthetik<\/strong>!<\/p>\n<p>In der folgenden Liste k\u00f6nnt Ihr ersehen, welche Piercings\u00a0in unserem Piercingstudio\u00a0mit gutem Gewissen gesetzt werden.<\/p>\n<p>Grunds\u00e4tzlich bleibt <strong>immer <\/strong>ein <strong>Rest-Risiko<\/strong>.<\/p>\n<p>Wir arbeiten grunds\u00e4tzlich nur mit <strong>neuen<\/strong>, aus<br \/>\nChirurgenstahl bestehenden Piercings, welche im Preis enthalten sind.<\/p>\n<p>Wir weisen darauf hin, dass grunds\u00e4tzlich Jugendliche <strong>unter<br \/>\n14 Jahre<\/strong> bei uns <strong>nicht<\/strong> gepierct werden. Dar\u00fcber hinaus verlangen wir eine <strong>Einverst\u00e4ndnis-Erkl\u00e4rung <\/strong>von Erwachsenen und Jugendliche \u00fcber 14 Jahren werden nur in Begleitung ihrer <strong>Erziehungsberechtigten <\/strong>behandelt!<\/p>\n<p>Aus Gr\u00fcnden des Risikos werden auch ferner <strong>keine<\/strong><br \/>\nImplantate von uns gesetzt!<\/p>\n<p>Dar\u00fcber hinaus wird vor jedem Piercing ein <strong>Beratungsgespr\u00e4ch<\/strong><br \/>\ngef\u00fchrt.<\/p>\n<p>Eine Liste aller von uns angebotenen Piercings und deren Preise finden sie <a title=\"Piercing Preisliste\" href=\"http:\/\/tattoo-service-web.de\/?page_id=187\">hier<\/a>.<\/p>\n","protected":false},"excerpt":{"rendered":"<p>Piercing ? \u2026\u2026 ja gerne, aber nicht um jeden Preis ! Verantwortung steht an erster Stelle, hierzu geh\u00f6rt Hygiene, Fachkenntnis und eine gesunde Einstellung zu \u00c4sthetik! In der folgenden Liste k\u00f6nnt Ihr ersehen, welche Piercings\u00a0in unserem Piercingstudio\u00a0mit gutem Gewissen gesetzt &hellip; <a href=\"http:\/\/tattoo-service-web.de\/?page_id=184\">Continue reading <span class=\"meta-nav\">&rarr;<\/span><\/a><\/p>\n","protected":false},"author":1,"featured_media":0,"parent":0,"menu_order":0,"comment_status":"closed","ping_status":"open","template":"","meta":{"footnotes":""},"class_list":["post-184","page","type-page","status-publish","hentry"],"yoast_head":"<!-- This site is optimized with the Yoast SEO plugin v27.4 - https:\/\/yoast.com\/product\/yoast-seo-wordpress\/ -->\n<title>Piercing - Tattooservice<\/title>\n<meta name=\"robots\" content=\"index, follow, max-snippet:-1, max-image-preview:large, max-video-preview:-1\" \/>\n<link rel=\"canonical\" href=\"http:\/\/tattoo-service-web.de\/?page_id=184\" \/>\n<meta property=\"og:locale\" content=\"en_US\" \/>\n<meta property=\"og:type\" content=\"article\" \/>\n<meta property=\"og:title\" content=\"Piercing - Tattooservice\" \/>\n<meta property=\"og:description\" content=\"Piercing ? \u2026\u2026 ja gerne, aber nicht um jeden Preis ! Verantwortung steht an erster Stelle, hierzu geh\u00f6rt Hygiene, Fachkenntnis und eine gesunde Einstellung zu \u00c4sthetik! In der folgenden Liste k\u00f6nnt Ihr ersehen, welche Piercings\u00a0in unserem Piercingstudio\u00a0mit gutem Gewissen gesetzt &hellip; Continue reading &rarr;\" \/>\n<meta property=\"og:url\" content=\"http:\/\/tattoo-service-web.de\/?page_id=184\" \/>\n<meta property=\"og:site_name\" content=\"Tattooservice\" \/>\n<meta property=\"article:modified_time\" content=\"2012-09-03T13:53:13+00:00\" \/>\n<meta name=\"twitter:label1\" content=\"Est. reading time\" \/>\n\t<meta name=\"twitter:data1\" content=\"1 minute\" \/>\n<script type=\"application\/ld+json\" class=\"yoast-schema-graph\">{\"@context\":\"https:\\\/\\\/schema.org\",\"@graph\":[{\"@type\":\"WebPage\",\"@id\":\"http:\\\/\\\/tattoo-service-web.de\\\/?page_id=184\",\"url\":\"http:\\\/\\\/tattoo-service-web.de\\\/?page_id=184\",\"name\":\"Piercing - Tattooservice\",\"isPartOf\":{\"@id\":\"http:\\\/\\\/tattoo-service-web.de\\\/#website\"},\"datePublished\":\"2012-09-03T12:33:57+00:00\",\"dateModified\":\"2012-09-03T13:53:13+00:00\",\"breadcrumb\":{\"@id\":\"http:\\\/\\\/tattoo-service-web.de\\\/?page_id=184#breadcrumb\"},\"inLanguage\":\"en-US\",\"potentialAction\":[{\"@type\":\"ReadAction\",\"target\":[\"http:\\\/\\\/tattoo-service-web.de\\\/?page_id=184\"]}]},{\"@type\":\"BreadcrumbList\",\"@id\":\"http:\\\/\\\/tattoo-service-web.de\\\/?page_id=184#breadcrumb\",\"itemListElement\":[{\"@type\":\"ListItem\",\"position\":1,\"name\":\"Home\",\"item\":\"http:\\\/\\\/tattoo-service-web.de\\\/\"},{\"@type\":\"ListItem\",\"position\":2,\"name\":\"Piercing\"}]},{\"@type\":\"WebSite\",\"@id\":\"http:\\\/\\\/tattoo-service-web.de\\\/#website\",\"url\":\"http:\\\/\\\/tattoo-service-web.de\\\/\",\"name\":\"Tattooservice\",\"description\":\"\",\"potentialAction\":[{\"@type\":\"SearchAction\",\"target\":{\"@type\":\"EntryPoint\",\"urlTemplate\":\"http:\\\/\\\/tattoo-service-web.de\\\/?s={search_term_string}\"},\"query-input\":{\"@type\":\"PropertyValueSpecification\",\"valueRequired\":true,\"valueName\":\"search_term_string\"}}],\"inLanguage\":\"en-US\"}]}<\/script>\n<!-- \/ Yoast SEO plugin. -->","yoast_head_json":{"title":"Piercing - Tattooservice","robots":{"index":"index","follow":"follow","max-snippet":"max-snippet:-1","max-image-preview":"max-image-preview:large","max-video-preview":"max-video-preview:-1"},"canonical":"http:\/\/tattoo-service-web.de\/?page_id=184","og_locale":"en_US","og_type":"article","og_title":"Piercing - Tattooservice","og_description":"Piercing ? \u2026\u2026 ja gerne, aber nicht um jeden Preis ! Verantwortung steht an erster Stelle, hierzu geh\u00f6rt Hygiene, Fachkenntnis und eine gesunde Einstellung zu \u00c4sthetik! In der folgenden Liste k\u00f6nnt Ihr ersehen, welche Piercings\u00a0in unserem Piercingstudio\u00a0mit gutem Gewissen gesetzt &hellip; Continue reading &rarr;","og_url":"http:\/\/tattoo-service-web.de\/?page_id=184","og_site_name":"Tattooservice","article_modified_time":"2012-09-03T13:53:13+00:00","twitter_misc":{"Est. reading time":"1 minute"},"schema":{"@context":"https:\/\/schema.org","@graph":[{"@type":"WebPage","@id":"http:\/\/tattoo-service-web.de\/?page_id=184","url":"http:\/\/tattoo-service-web.de\/?page_id=184","name":"Piercing - Tattooservice","isPartOf":{"@id":"http:\/\/tattoo-service-web.de\/#website"},"datePublished":"2012-09-03T12:33:57+00:00","dateModified":"2012-09-03T13:53:13+00:00","breadcrumb":{"@id":"http:\/\/tattoo-service-web.de\/?page_id=184#breadcrumb"},"inLanguage":"en-US","potentialAction":[{"@type":"ReadAction","target":["http:\/\/tattoo-service-web.de\/?page_id=184"]}]},{"@type":"BreadcrumbList","@id":"http:\/\/tattoo-service-web.de\/?page_id=184#breadcrumb","itemListElement":[{"@type":"ListItem","position":1,"name":"Home","item":"http:\/\/tattoo-service-web.de\/"},{"@type":"ListItem","position":2,"name":"Piercing"}]},{"@type":"WebSite","@id":"http:\/\/tattoo-service-web.de\/#website","url":"http:\/\/tattoo-service-web.de\/","name":"Tattooservice","description":"","potentialAction":[{"@type":"SearchAction","target":{"@type":"EntryPoint","urlTemplate":"http:\/\/tattoo-service-web.de\/?s={search_term_string}"},"query-input":{"@type":"PropertyValueSpecification","valueRequired":true,"valueName":"search_term_string"}}],"inLanguage":"en-US"}]}},"_links":{"self":[{"href":"http:\/\/tattoo-service-web.de\/index.php?rest_route=\/wp\/v2\/pages\/184","targetHints":{"allow":["GET"]}}],"collection":[{"href":"http:\/\/tattoo-service-web.de\/index.php?rest_route=\/wp\/v2\/pages"}],"about":[{"href":"http:\/\/tattoo-service-web.de\/index.php?rest_route=\/wp\/v2\/types\/page"}],"author":[{"embeddable":true,"href":"http:\/\/tattoo-service-web.de\/index.php?rest_route=\/wp\/v2\/users\/1"}],"replies":[{"embeddable":true,"href":"http:\/\/tattoo-service-web.de\/index.php?rest_route=%2Fwp%2Fv2%2Fcomments&post=184"}],"version-history":[{"count":7,"href":"http:\/\/tattoo-service-web.de\/index.php?rest_route=\/wp\/v2\/pages\/184\/revisions"}],"predecessor-version":[{"id":192,"href":"http:\/\/tattoo-service-web.de\/index.php?rest_route=\/wp\/v2\/pages\/184\/revisions\/192"}],"wp:attachment":[{"href":"http:\/\/tattoo-service-web.de\/index.php?rest_route=%2Fwp%2Fv2%2Fmedia&parent=184"}],"curies":[{"name":"wp","href":"https:\/\/api.w.org\/{rel}","templated":true}]}}